 + b - 5. Suppose 3*y + 3*q + 12 = 0, q - 14 = 3*y + 2*q. Let m = y - f. What is the units digit of m?
1
Suppose -3*b + 6*m - m = 19, -5*b - m + 15 = 0. Suppose 58 = b*j - 2*l, -5*j - 5*l + 2*l + 121 = 0. What is the units digit of j?
6
Suppose -74 + 179 = 5*h. Let f = -11 + h. What is the tens digit of f?
1
Let b(o) = -2*o - 8. Let z be b(0). Let j = z - -11. What is the units digit of j?
3
Suppose 0 = q + 2 - 4. Suppose 7 - 3 = -q*g. What is the units digit of 9/6 - g/4?
2
Let l = -12 + 17. What is the tens digit of (18 - 1) + (-5)/l?
1
Let t be 162/(-8) + 1/4. What is the units digit of ((-10)/(-8))/((-5)/t)?
5
Let c(b) = 3*b**2 + b**3 - 3*b - 2 + 4*b - 4*b. Let o be c(-3). Let s(i) = -i**2 + 7*i + 1. What is the units digit of s(o)?
1
Suppose 0*c = 2*c - 26. What is the units digit of c?
3
Let p(x) = -x**2 - 3*x - 7. Let n(a) = -a**2 - 4*a - 6. Let w(r) = 3*n(r) - 2*p(r). What is the units digit of w(-4)?
4
Suppose 7*q - 12 = 3*q. Suppose 4*c - 4 = -0. Let m = q - c. What is the units digit of m?
2
Let x(w) = -35*w**2 + w. Let a be x(-1). Let y = -21 - a. What is the tens digit of y?
1
Suppose 0 = 4*t + t - 195. What is the units digit of (5/(-3) - -2)*t?
3
Let x be (-147)/(-9) - (-2)/3. Let q = 9 + -20. Let y = x + q. What is the units digit of y?
6
Suppose -3*n - 12 = 6*g - g, 0 = 2*n + 8. Suppose -2*d - 2*y - 40 = g, -15 = 3*d + y + 41. What is the units digit of ((-6)/(-9))/((-4)/d)?
3
Suppose -9 = -4*d + 3. What is the units digit of d?
3
Let d be (-20)/(-2)*(-3)/(-6). Suppose -10 = -d*q + 2*y, -y + 4 = 5*q - 21. What is the units digit of q?
4
Let h be 4/6*36/8. Suppose h + 12 = 3*r. What is the units digit of r?
5
What is the units digit of 10*(16/20)/(6/105)?
0
Suppose -7*k + 10 = -2*k. Let m be k + 35/(-2)*-2. Suppose q = u + 3*u - 4, -u = -5*q + m. What is the units digit of q?
8
Suppose 125 + 147 = v. What is the tens digit of v?
7
Let r(v) = -v**2 - 12*v - 8. Let o be r(-12). What is the tens digit of 36 + 1*o/4?
3
Suppose 3*m + 0*m + 12 = 0, 5*k - 3*m - 32 = 0. Suppose -p + k = p. What is the units digit of p?
2
Suppose 5*j - 7 = 2*o, -j = j - o - 2. Let t be -1 + -1 + j + -1. Suppose -4*c - c + 15 = t. What is the units digit of c?
3
Let w(p) = 2 + 3 - p**2 + 0*p**2. Suppose 0*k - 2*k = 0. What is the units digit of w(k)?
5
Suppose 187 = j - 5*t, 2*j - 7*j + 5*t = -1015. What is the hundreds digit of j?
2
Suppose -a = 5*t - 105, -5*t + 94 = 2*a - 11. Let k = -15 + t. What is the units digit of k?
6
Suppose -2*w - p + 21 = 0, w + 2*p - 7 = 2. What is the units digit of w + (-3)/(-3)*-1?
0
Let l = 13 - 13. Suppose -s - 3*y = -2*s - 5, 6 = 2*s + 2*y. Let h = s - l. What is the units digit of h?
1
What is the tens digit of (-1 + 2)/((-12)/(-372))?
3
Suppose -2*j - 5 = -13. What is the units digit of j?
4
Let k(d) = d**2 - 7*d - 5. Let n be k(7). Let m = 17 + n. What is the units digit of m?
2
Let u be 2*2/(-8)*-24. Suppose -u + 36 = 3*i. What is the units digit of 14*-2*(-2)/i?
7
Suppose 3*i - 15 = -2*i. Let r(s) = i - 5*s + 4*s - 2. What is the units digit of r(-2)?
3
Let j(z) = -z**3 - 6*z**2 - 10*z + 5. What is the hundreds digit of j(-8)?
2
Suppose -3*i + 19 = -8. Suppose -5*a = i - 89. What is the tens digit of a?
1
Let q be 6 + -1 + 0 + 0. Suppose 2*f = 6*f + 2*h - 16, -5*h = q*f - 25. What is the units digit of (-15)/(-2) + f/(-6)?
7
Let j(t) = -t**2 - 8*t - 8. Let c be j(-6). Let q be (10/(-4))/(2/c). What is the units digit of 3/(-3) - q/1?
4
Suppose -3*i + 27 = -0*i. Suppose -4*b + 3*n + i = 0, 6*b - 8 = 3*b + n. Suppose -2*p - b = -29. What is the units digit of p?
3
Let u = 25 - 9. What is the tens digit of u?
1
Suppose -4*v + 639 = 4*x - 9, 0 = 5*v + 25. What is the tens digit of x?
6
Suppose x + 2*o + o - 81 = 0, 2*x - 4*o = 142. What is the units digit of x/10*(-8)/(-3)?
0
Suppose 71 = 3*b - 4*r, -5*b - 5*r + 74 = -b. What is the tens digit of b?
2
Let y(m) = -6*m**2 - 2*m + 1. Let f be y(1). Let z = f + 10. What is the units digit of z?
3
Let p(n) = -3*n - 7. Suppose -3*f + f = 12. What is the units digit of p(f)?
1
What is the units digit of (-1 - 47)*(-5)/10?
4
Suppose 5*n - w - 95 = 0, -n - 4*w - 3 + 1 = 0. What is the tens digit of n?
1
Let z(k) = -k - 2. Let i be z(-9). Suppose -4*w = -i - 5. Suppose w*d = -b - 2*d + 3, b - 3*d - 3 = 0. What is the units digit of b?
3
What is the units digit of (-238)/(-8) + -6 + (-75)/(-12)?
0
Suppose w - 140 = -4*w. What is the tens digit of w?
2
Let n(i) = -5*i - 53. What is the tens digit of n(-13)?
1
Let b(i) = -3*i - 13. What is the tens digit of b(-13)?
2
Suppose 4*w - 16 - 32 = 0. What is the tens digit of w?
1
Suppose -4*k + 210 = k. Let y(c) = c - 1. Let o be y(4). What is the units digit of k/o*1/2?
7
Let i = 92 + -65. What is the units digit of i?
7
Let n(u) = -15*u**3 + u**2 - u + 1. Let g(a) = -a**2 - 7*a + 9. Let r be g(-8). Let z be n(r). Let y = -9 - z. What is the units digit of y?
5
Let g = 0 - -2. Suppose 1 = -v + g*v. What is the units digit of 1 - 4 - (-16 - v)?
4
Let u(f) = 10*f + 4. Let b be u(-4). Let t = -22 - b. Suppose 18 = 4*k - t. What is the units digit of k?
8
Let x(f) = -f + 4. Let j = -16 - -22. Let a be x(j). What is the units digit of (-1)/(a - 15/(-9))?
3
Suppose 0*c + 2*j = 3*c - 23, -2*j - 8 = 0. Suppose c - 4 = a. What is the units digit of a?
1
Let k(c) = 0*c**3 - 4*c**3 - 6*c + 5 + 8*c**2 + 3*c**3. What is the tens digit of k(7)?
1
Suppose m = 4*z - 4*m + 13, 2*m = 10. Suppose -z*h + 38 = 4*p, -4*p + 48 = h + 3*h. What is the units digit of (-2)/(-5) + 56/h?
6
Let z(h) = 3*h - 3. Let x be z(4). Let q = x + -5. What is the units digit of q?
4
Suppose -4*f + 3*i + 183 = 2, i - 47 = -f. What is the tens digit of f?
4
Let u be 6*(-2 + 15/9). What is the units digit of -1 - (-2 + -11 + u)?
4
Suppose 0 = 4*b - 5*x - 23, b - 4*x = -4*b + 40. Suppose -4*w = -8*w + b. What is the units digit of w?
3
Let z = 3 + -5. Let d be (z + (-56)/2)*-1. Suppose 0 = v + 4*v - d. What is the units digit of v?
6
Let i(y) = 5*y. Let t be i(2). Let z = 3 + t. What is the tens digit of z?
1
Suppose r + 1 = l - 4, 0 = 3*l + 3*r - 3. Suppose 9 = 3*d + l. What is the units digit of d?
2
Let q(w) = -2*w**3 + w**2. What is the units digit of q(-2)?
0
Let p(h) = -h + 12. Let w be p(10). Suppose -w*g = -j + g + 4, 20 = 5*j - 4*g. What is the units digit of j?
4
Suppose 3 = -o + 18. Let x(k) = k**3 + 6*k**2 + 5*k - 4. Let l be x(-4). Let f = o - l. What is the units digit of f?
7
Suppose v = -5*n + 2*v + 990, 0 = 4*n - 5*v - 813. What is the tens digit of n?
9
Suppose -64*f = -69*f + 500. What is the tens digit of f?
0
Let h be 4/(-6) + (-11)/(-3). Suppose -d + 1 = -h. What is the units digit of 1/d - (-11)/4?
3
Let g(y) = -2*y + y**3 + 3*y**2 - 5 + 0*y**2 + y. Let u be g(-4). Let n = -9 - u. What is the units digit of n?
8
Suppose 3*w - 135 + 26 = d, -4*d = 16. What is the tens digit of w?
3
Suppose 2*o - 56 = -3*a, 12 = a + 3*o - 2. What is the tens digit of a?
2
Suppose 5*i = 4*z + 926, 2*i + 2*z - 4*z = 370. What is the tens digit of i?
8
Let z be 3/2 + 5/(-10). Let y(h) = -z - 5*h + 5*h - 3*h**3 + 0 - 2*h**2. What is the units digit of y(-2)?
5
Let h = 11 - 2. Let m = 4 + h. What is the units digit of m?
3
Let q(x) = -13*x**3 - x**2 + 1. Suppose -4*o - 3*p + 8 = 0, 1 = -p + 5. What is the units digit of q(o)?
3
Let b(h) be the first derivative of -h**3/3 - 11*h**2/2 - 7*h - 3. What is the units digit of b(-9)?
1
Suppose 0 = 2*f + 21 - 153. What is the tens digit of f?
6
Let i be -1 + (20 - -4)/4. Suppose 0 = -2*r + i*p + 84, 3*r - 139 = -2*p + 3*p. What is the tens digit of r?
4
Let u(j) = -6 + 9 + 0*j - 7*j. Let h be u(2). Let c = 16 + h. What is the units digit of c?
5
Suppose d + 5*d - 30 = 0. What is the units digit of d?
5
What is the units digit of 41/7 + (-2)/(-14)?
6
Suppose 6 = 2*b + 18. Let w be (-7 - -1)/(6/(-8)). Let s = w - b. What is the units digit of s?
4
Suppose -14 = -2*h - g, -2 - 20 = -2*h - 3*g. What is the units digit of h?
5
Suppose -3*q = -2*q - 164. What is the units digit of q?
4
Suppose 0*k + 8 = 2*k. Suppose 4*l = p + 166 - 15, 0 = -5*l - k*p + 173. What is the units digit of l?
7
What is the units digit of 614/14 - (-13)/91?
4
Let l = -58 - -203. What is the units digit of l?
5
Let j be 40/14*7/2. Suppose 2*b - 4*b + j = 0. What i